t j be ((-24)/20)/(2/(-5)). Let m be (1/j)/((-5)/(-15)). Give h(m).
0
Let g(m) = 3*m**2 - 3 - m**3 + m + 2 - 4*m. Suppose 75*q = 69*q + 18. What is g(q)?
-10
Let d(g) = -g + 5*g - 5*g + 0*g + 1. Give d(-1).
2
Let v(t) be the third derivative of -t**4/24 + t**3/3 + 3*t**2. Determine v(-5).
7
Let v = -3 - -2. Let l = v - -3. Let t(p) be the first derivative of -2*p**2 + 2*p - 1. Give t(l).
-6
Let v = 0 + 3. Suppose 0 = -v*a - 2 + 11. Let i(s) = 4*s**2 - 7*s + s**3 + 4*s + 1 - 2*s**3. What is i(a)?
1
Let a(f) = f + 7. Suppose -3*w = 3*q - 30, 0 = w - 2*q - 2*q + 5. Determine a(w).
14
Let n be (-1)/(2 + -1 + -2). Suppose 0 = c - n. Let r be 6 + -3 - (-2 + c). Let y(m) = m**3 - 4*m**2 + m + 1. Calculate y(r).
5
Let o = -5 + -1. Let x = -3 - o. Suppose -3 - 6 = -x*b. Let y(r) = r**3 - 3*r**2 + r - 2. Give y(b).
1
Let o(v) = -3*v**2 + 14*v**3 - 7*v + 9*v**2 - 13*v**3 - 1. Give o(-7).
-1
Let s(j) = 3*j - 1. Suppose -u - 3*t - 10 = 0, -4*u + 0*t = 3*t + 13. Determine s(u).
-4
Suppose -3*v - 13 = 2*a + 5, 4*v = -5*a - 17. Let x = -4 - v. Let w(o) = o**3 - 3*o**2 - 3*o - 1. Determine w(x).
3
Let p(i) = -81 + 85 - i - i. Let c be 1/(-2) - (-14)/(-4). Calculate p(c).
12
Let t(f) = -f**2 + 4. Let w(v) = -v + 8. Let o be w(7). Let u = o - -4. Suppose -j = -u*j + 12. Determine t(j).
-5
Let r(j) = -j**2 + 6*j - 6. Let l(m) = m**3 - 7*m**2 + 8*m - 8. Suppose 6*z + 2*x + 10 = z, -z + 20 = -4*x. Suppose 5*d - 2 - 28 = z. Let h be l(d). Give r(h).
2
Let o(z) = 2*z**3 - 5*z**2 - z - 3. Let n(y) = y**3 - 5*y**2 - y - 3. Let u(p) = -3*n(p) + 2*o(p). Suppose -5*h - 155 + 25 = 0. Let r = h - -21. What is u(r)?
-2
Let u(l) = -l**2 + 1. Suppose 2*m + 4 = -t, -8*m - 2 = -6*m. Calculate u(t).
-3
Suppose 3 = 3*n, 0*n = 2*m + 2*n. Let p(y) be the second derivative of -3*y**4/4 - y**3/6 + 9*y. Give p(m).
-8
Let f(p) = p**3 - p**2 + 5. Suppose 0 = -2*m + m + 6*m. Determine f(m).
5
Let v be (0 + 0 - -1)*3. Let a(p) = -3*p**3 - v + p**2 + 5 - 1 - 2*p + 3*p. What is a(-1)?
4
Let x(o) be the second derivative of o**3/2 + 2*o**2 - 13*o. What is x(-7)?
-17
Let z(j) = -j**2 - 8*j - 4. Suppose 4*k + 7 = -21. Give z(k).
3
Let c(g) = g**3 - 2*g**2 + 9 + 2*g + 8*g**2 - 8*g. Let h be c(-7). Let x(s) = 11*s**2 + 2*s - 12*s**2 - h*s - s. Give x(-3).
-6
Let k(a) be the third derivative of a**7/5040 + a**6/720 + a**5/20 - 3*a**2. Let u(m) be the third derivative of k(m). Calculate u(5).
6
Let l be (2 + 3/(-6))*-2. Let w be 3*(-3 + (-14)/l). Let f(d) = 1 - d - 1. What is f(w)?
-5
Let w(d) = -d**2 - d - 1. Let m(x) = -7*x**2 + x - 8. Let h(v) = m(v) - 6*w(v). Determine h(7).
-2
Suppose -5*l + 12 = -13. Suppose l*f + 2 = -3. Let s(v) = 35*v + 14. Let i(g) = 12*g + 5. Let w(a) = -17*i(a) + 6*s(a). Give w(f).
-7
Let g = -8 + 4. Let f(h) be the first derivative of -h**4/24 - h**3/2 - h**2/2 + 1. Let l(m) be the second derivative of f(m). Calculate l(g).
1
Let v(s) = -1. Let k(a) = a - 3. Suppose 0 = 2*j - 4*p - 18, 2*j - 2 = 2*p + 6. Let d(q) = j*k(q) + 4*v(q). What is d(-3)?
2
Let p(q) = 2*q**3 + 11*q**2 - 5*q - 7. Let n(x) = -x**3 - 5*x**2 + 2*x + 3. Let f(w) = -7*n(w) - 3*p(w). Give f(-1).
0
Let z(n) = -15*n + 9*n + 3 + 3 + 5*n. Give z(-7).
13
Let c be ((-4)/(-10))/((-5)/25). Let k(d) = 3*d + 3. Give k(c).
-3
Let g(x) = x**2 + 2*x + 2. Let z be g(-2). Let h(a) = 9 - 3 - 7 - a + 2*a. What is h(z)?
1
Suppose 2*v - 9 = -v. Let t(c) = -3 + 3*c**2 + 2 + c**2 + 0*c**2 + 7*c - c**v. Let o(m) = m**2 + 5*m + 5. Let p be o(-5). Calculate t(p).
9
Let t = 31 + -28. Let i(g) = 2*g - 1. What is i(t)?
5
Let j(n) = -n - 18. Suppose -18 = 3*q + 6. Give j(q).
-10
Let v(g) = -g**3 - 3*g**2 - 2*g - 2. Suppose 5*z = d - 30, -2*d + 4 + 4 = 3*z. Let h = 7 - d. Give v(h).
4
Let x(y) = 5*y**2 + 6*y - 4*y**2 + 4*y**2 - 4*y**2. What is x(-4)?
-8
Suppose 0 = -4*r - 5 - 7. Let a(v) = -v**3 - v - 2*v - 3*v**2 + 3*v. Determine a(r).
0
Let k(c) be the third derivative of c**4/24 + 11*c**3/6 + 5*c**2. Determine k(-8).
3
Let t be 2/(-6)*2*-3. Let z = t + -7. Let v(d) be the second derivative of d**3/6 + 11*d**2/2 + 3*d. Calculate v(z).
6
Suppose 4*u - 18 = 6. Let d(m) = 2*m + 1 - u + 0 - 3*m. What is d(-6)?
1
Let c = -23 - -25. Let t(u) be the first derivative of 6*u + c + 1/2*u**2. What is t(-5)?
1
Let i(y) = 11*y**2 + 1. Let q be (-1)/3*(-10 + 13). Calculate i(q).
12
Let k(g) be the second derivative of -g**5/20 + g**4/4 + 2*g**3/3 + 5*g**2/2 - g. Suppose -2*c = -11 + 3. Determine k(c).
5
Let k(x) = x**2 - 4*x + 2. Let m = -3 + 7. What is k(m)?
2
Let r(n) = -3*n + 3. Let z(m) = 3*m - 4. Let v(g) = -3*r(g) - 2*z(g). What is v(-2)?
-7
Suppose -4*y + 5 + 11 = 0. Let q be (-2)/(-3) + y/3. Suppose -3*c = -2*c + q*a - 13, 2*c - 11 = -a. Let t(g) = -g**2 + 3. Calculate t(c).
-6
Let c(u) = 10*u**2 + u - 3 - u**3 + u + 4*u. Let x(s) = 2*s**3 - 21*s**2 - 12*s + 6. Let f(i) = -13*c(i) - 6*x(i). Let h = 3 - -2. What is f(h)?
-2
Let p(q) be the first derivative of q**4/4 + 5*q**3/3 - q**2 - 2*q + 19. Suppose -4*a + 0*a - 20 = 0. Give p(a).
8
Suppose -r + 11 - 9 = 0. Suppose r*n = 5*n. Let d(w) = -w - 5. Determine d(n).
-5
Suppose -6*w + 8*w - 4 = 0. Let z(q) be the second derivative of 2*q**3/3 + q**2 - q. Give z(w).
10
Let m(d) = -d**2 + 9*d - 19. Let q be m(7). Let v(y) = -y + 6. Let c(o) = 2*o - 7. Let z(t) = -2*c(t) - 3*v(t). Calculate z(q).
1
Let l(d) = 10*d**2 + d**3 - 6*d - 7*d**2 - 2 - 3. Let g be l(-4). Let x(r) = g*r**3 - r - 7 + 0*r**3 - 2*r**3. Give x(0).
-7
Suppose 5 = -3*f - 10. Let h(v) = v**2 - v + 1. Let y(m) = 7*m**2 - m + 12. Let i(k) = 6*h(k) - y(k). What is i(f)?
-6
Suppose 3*d + 1 = 2*t - 6, -5*d = 4*t - 3. Suppose -15 = -h - t*h. Let c(s) be the third derivative of -s**5/60 + s**4/8 + 2*s**3/3 - 2*s**2. What is c(h)?
-6
Suppose 2*b + 2*z + 8 = 28, 2*b + 3*z = 25. Let f(j) = -7*j - 3. Let o(s) = -15*s - 7. Let u(q) = -13*f(q) + 6*o(q). Determine u(b).
2
Suppose -4*w - 2*o = o - 12, -o - 12 = -4*w. Let c(a) be the third derivative of a**4/24 - 2*a**3/3 - a**2. Determine c(w).
-1
Let r(o) be the first derivative of o**2 - o - 4. Give r(-5).
-11
Suppose 0*w + 3*w - 3 = 0. Let d(o) = 63*o - 2 - 64*o + w. What is d(6)?
-7
Let f(q) = -q - 1. Let i be f(-1). Suppose o - 3 = -i. Let t(y) be the first derivative of -y**4/4 + 4*y**3/3 - 3*y**2/2 + 3*y - 7. Give t(o).
3
Let s(d) = 6*d - d**2 + 5 - d**2 + 2*d**2 + d**2. Determine s(-6).
5
Let t(m) = 13*m**3 + m**2. Let f be 1/(1/(-38)*2). Let g = f - -18. Give t(g).
-12
Suppose -4*s = 3*j - 13, -3*s - 3*j + 9 = -0*j. Let b(r) be the third derivative of 0*r + 14*r**2 + 0 + 1/60*r**5 - 2/3*r**3 - 1/24*r**4. What is b(s)?
8
Let w(m) = -7*m**3 + 3*m**2 - 4*m. Let p(l) = 14*l**3 - 5*l**2 + 7*l. Let t(s) = 3*p(s) + 5*w(s). Give t(1).
8
Suppose 30*a + 2 = 29*a. Let b(d) = 3*d**2 + 2*d - 2. Determine b(a).
6
Let t(f) = -5*f**2 - 6*f - 3. Let w(a) = 9*a**2 + 11*a + 5. Let n(j) = 7*t(j) + 4*w(j). Determine n(-3).
2
Let a(l) = 2*l**2 + 2*l. Let r(j) = 3*j**2 + 4*j - 1. Let t(x) = 5*a(x) - 3*r(x). Calculate t(3).
6
Suppose 2*a = -2*k + 18, -7*k + 3*k = 5*a - 43. Let g(x) = a*x - 4*x - 3 - 2 - 1. Let d(j) = j**3 + 4*j**2 + 2*j + 2. Let n be d(-3). Determine g(n).
9
Let n(t) = 6*t**2 + 8*t - 6. Let p(x) = -x**2 - x + 1. Let a(j) = -n(j) - 5*p(j). What is a(-2)?
3
Let x(l) = 2*l + 1. Let o(m) = -m**3 + 2*m**2 + 2*m - 2. Let g be o(3). Give x(g).
-9
Let w(u) = -6*u**3 - 2*u**2 - 2*u - 1. Suppose 3*v = -16 + 13. Give w(v).
5
Let w(q) = 5*q**2 + q + 1. Let y(v) = v + 4. Let j be y(-5). Let u be w(j). Let m(b) = 0 - u*b + 0 + 4*b. Determine m(5).
-5
Let y(n) = n**3 + 9*n**2 + 21*n + 9. Let g be y(-5). Let a(h) = h - 3. Give a(g).
1
Let u(x) = x**3 - 8*x**2 + 6*x + 9. Let d be u(7). Let q(h) = -3 - 2*h**3 - 4 + 3*h - 3*h**d - 4*h + 6. Suppose 0 = 2*p - 7*p - 10. Determine q(p).
5
Let r be 1/((-2)/(-7*(2 + 0))). Let s(o) = o**2 - 7*o + 4. Give s(r).
4
Let r(n) = n**3 + 3*n**2 - 3*n - 4. Let c(t) = -7*t**3 - 2*t**2 - 2*t - 1. Let z be c(-1). Let f = z + -9. Let w be r(f). Let y(b) = -b - 1. Calculate y(w).
-6
Let o(v) = v - 1. Let b(y) = 3*y**3 - y**2 - 2*y + 3. Let z(k) = -b(k) - 4*o(k). Let m = -1 - -2. Calculate z(m).
-3
Let u(c) = 2*c**2 + 9*c + 1. Let k(q) = q - 8 + 8. Let r(p) = 5*k(p) - u(p). Determine r(-3).
-7
Suppose -8 = 4*g - 4*a, 3*g + 3*a + 5 = -7. Let z(f) = 3*f + 2. Give z(g).
-7
